{"id":412,"date":"2024-09-08T23:36:17","date_gmt":"2024-09-08T21:36:17","guid":{"rendered":"http:\/\/prbio.fr\/?page_id=412"},"modified":"2024-09-27T15:50:35","modified_gmt":"2024-09-27T13:50:35","slug":"a-propos-de-prbio","status":"publish","type":"page","link":"https:\/\/prbio.fr\/index.php\/a-propos-de-prbio\/","title":{"rendered":"A propos de PRBIO"},"content":{"rendered":"\t\t<div data-elementor-type=\"wp-page\" data-elementor-id=\"412\" class=\"elementor elementor-412\">\n\t\t\t\t<div class=\"elementor-element elementor-element-2ccd547 e-flex e-con-boxed e-con e-parent\" data-id=\"2ccd547\" data-element_type=\"container\" data-settings=\"{&quot;background_background&quot;:&quot;slideshow&quot;,&quot;background_slideshow_gallery&quot;:[{&quot;id&quot;:301,&quot;url&quot;:&quot;https:\\\/\\\/prbio.fr\\\/wp-content\\\/uploads\\\/2024\\\/09\\\/cropped-cropped-DJI_0283-2-scaled-1.jpg&quot;}],&quot;shape_divider_bottom&quot;:&quot;mountains&quot;,&quot;background_slideshow_loop&quot;:&quot;yes&quot;,&quot;background_slideshow_slide_duration&quot;:5000,&quot;background_slideshow_slide_transition&quot;:&quot;fade&quot;,&quot;background_slideshow_transition_duration&quot;:500}\">\n\t\t\t\t\t<div class=\"e-con-inner\">\n\t\t\t\t<div class=\"elementor-shape elementor-shape-bottom\" data-negative=\"false\">\n\t\t\t<svg xmlns=\"http:\/\/www.w3.org\/2000\/svg\" viewBox=\"0 0 1000 100\" preserveAspectRatio=\"none\">\n\t<path class=\"elementor-shape-fill\" opacity=\"0.33\" d=\"M473,67.3c-203.9,88.3-263.1-34-320.3,0C66,119.1,0,59.7,0,59.7V0h1000v59.7 c0,0-62.1,26.1-94.9,29.3c-32.8,3.3-62.8-12.3-75.8-22.1C806,49.6,745.3,8.7,694.9,4.7S492.4,59,473,67.3z\"\/>\n\t<path class=\"elementor-shape-fill\" opacity=\"0.66\" d=\"M734,67.3c-45.5,0-77.2-23.2-129.1-39.1c-28.6-8.7-150.3-10.1-254,39.1 s-91.7-34.4-149.2,0C115.7,118.3,0,39.8,0,39.8V0h1000v36.5c0,0-28.2-18.5-92.1-18.5C810.2,18.1,775.7,67.3,734,67.3z\"\/>\n\t<path class=\"elementor-shape-fill\" d=\"M766.1,28.9c-200-57.5-266,65.5-395.1,19.5C242,1.8,242,5.4,184.8,20.6C128,35.8,132.3,44.9,89.9,52.5C28.6,63.7,0,0,0,0 h1000c0,0-9.9,40.9-83.6,48.1S829.6,47,766.1,28.9z\"\/>\n<\/svg>\t\t<\/div>\n\t\t\t\t\t<\/div>\n\t\t\t\t<\/div>\n\t\t<div class=\"elementor-element elementor-element-ecb63f5 e-flex e-con-boxed e-con e-parent\" data-id=\"ecb63f5\" data-element_type=\"container\">\n\t\t\t\t\t<div class=\"e-con-inner\">\n\t\t<div class=\"elementor-element elementor-element-e8d80b8 e-con-full e-flex e-con e-child\" data-id=\"e8d80b8\" data-element_type=\"container\">\n\t\t\t\t<div class=\"elementor-element elementor-element-4cb06b7 elementor-widget elementor-widget-heading\" data-id=\"4cb06b7\" data-element_type=\"widget\" data-widget_type=\"heading.default\">\n\t\t\t\t<div class=\"elementor-widget-container\">\n\t\t\t<h2 class=\"elementor-heading-title elementor-size-default\">A PROPOS DE PRBIO<\/h2>\t\t<\/div>\n\t\t\t\t<\/div>\n\t\t\t\t<div class=\"elementor-element elementor-element-3548038 elementor-widget elementor-widget-heading\" data-id=\"3548038\" data-element_type=\"widget\" data-widget_type=\"heading.default\">\n\t\t\t\t<div class=\"elementor-widget-container\">\n\t\t\t<h2 class=\"elementor-heading-title elementor-size-default\">Cr\u00e9ateur de solutions de biogaz<\/h2>\t\t<\/div>\n\t\t\t\t<\/div>\n\t\t\t\t<\/div>\n\t\t<div class=\"elementor-element elementor-element-970ace8 e-con-full e-flex e-con e-child\" data-id=\"970ace8\" data-element_type=\"container\">\n\t\t\t\t<div class=\"elementor-element elementor-element-48f4128 elementor-widget elementor-widget-text-editor\" data-id=\"48f4128\" data-element_type=\"widget\" data-widget_type=\"text-editor.default\">\n\t\t\t\t<div class=\"elementor-widget-container\">\n\t\t\t\t\t\t\t<p>PRBIO a \u00e9t\u00e9 fond\u00e9e en 2019 par un consortium d&rsquo;entreprise d\u00e9sireux d&rsquo;assembler leurs comp\u00e9tences vers un but commun. Cette association est une force pour PRBIO car elle garantit une expertise et une r\u00e9activit\u00e9 dans les diff\u00e9rents domaines composant notre coeur de m\u00e9tier.\u00a0Par la suite nos avons diversifi\u00e9 nos process afin de pouvoir vous accompagner sur diff\u00e9rentes technologies d&rsquo;\u00e9puration et diff\u00e9rentes gammes.<\/p>\t\t\t\t\t\t<\/div>\n\t\t\t\t<\/div>\n\t\t\t\t<div class=\"elementor-element elementor-element-27caa31 elementor-widget elementor-widget-video\" data-id=\"27caa31\" data-element_type=\"widget\" data-settings=\"{&quot;youtube_url&quot;:&quot;https:\\\/\\\/youtu.be\\\/ZcrR0KdRv4U&quot;,&quot;video_type&quot;:&quot;youtube&quot;,&quot;controls&quot;:&quot;yes&quot;}\" data-widget_type=\"video.default\">\n\t\t\t\t<div class=\"elementor-widget-container\">\n\t\t\t\t\t<div class=\"elementor-wrapper elementor-open-inline\">\n\t\t\t<div class=\"elementor-video\"><\/div>\t\t<\/div>\n\t\t\t\t<\/div>\n\t\t\t\t<\/div>\n\t\t\t\t<\/div>\n\t\t\t\t\t<\/div>\n\t\t\t\t<\/div>\n\t\t<div class=\"elementor-element elementor-element-240d060 e-flex e-con-boxed e-con e-parent\" data-id=\"240d060\" data-element_type=\"container\" data-settings=\"{&quot;background_background&quot;:&quot;classic&quot;}\">\n\t\t\t\t\t<div class=\"e-con-inner\">\n\t\t<div class=\"elementor-element elementor-element-402d630 e-con-full e-flex e-con e-child\" data-id=\"402d630\" data-element_type=\"container\">\n\t\t\t\t<div class=\"elementor-element elementor-element-cc7ba88 elementor-widget elementor-widget-heading\" data-id=\"cc7ba88\" data-element_type=\"widget\" data-widget_type=\"heading.default\">\n\t\t\t\t<div class=\"elementor-widget-container\">\n\t\t\t<h2 class=\"elementor-heading-title elementor-size-default\">Nos <br> partenaires<\/h2>\t\t<\/div>\n\t\t\t\t<\/div>\n\t\t\t\t<div class=\"elementor-element elementor-element-6d81f71 elementor-widget elementor-widget-text-editor\" data-id=\"6d81f71\" data-element_type=\"widget\" data-widget_type=\"text-editor.default\">\n\t\t\t\t<div class=\"elementor-widget-container\">\n\t\t\t\t\t\t\t<p>Gr\u00e2ce \u00e0 notre partenariat avec <strong>Ramery, Ramery Aes<\/strong>\u00a0(sp\u00e9cialiste de l&rsquo;\u00e9lectricit\u00e9 et de l&rsquo;automatisme), <strong>CH4 syst\u00e8me<\/strong> (expert en ing\u00e9nierie) et <strong>GR Energy<\/strong> (sp\u00e9cialis\u00e9 en thermique), nous sommes en mesure de proposer une offre compl\u00e8te et int\u00e9gr\u00e9e, couvrant l&rsquo;ensemble des besoins de nos clients en mati\u00e8re d&rsquo;\u00e9nergie et de process industriels.<\/p>\t\t\t\t\t\t<\/div>\n\t\t\t\t<\/div>\n\t\t\t\t<\/div>\n\t\t<div class=\"elementor-element elementor-element-87c8097 e-con-full e-flex e-con e-child\" data-id=\"87c8097\" data-element_type=\"container\">\n\t\t<div class=\"elementor-element elementor-element-841b3e8 e-grid e-con-full e-con e-child\" data-id=\"841b3e8\" data-element_type=\"container\">\n\t\t\t\t<div class=\"elementor-element elementor-element-823763a elementor-widget elementor-widget-image\" data-id=\"823763a\" data-element_type=\"widget\" data-widget_type=\"image.default\">\n\t\t\t\t<div class=\"elementor-widget-container\">\n\t\t\t\t\t\t\t\t\t\t\t\t\t<img decoding=\"async\" width=\"300\" height=\"107\" src=\"https:\/\/prbio.fr\/wp-content\/uploads\/2024\/09\/CH4-1-300PX-1.png\" class=\"attachment-large size-large wp-image-1364\" alt=\"A propos : CH4Systeme\" \/>\t\t\t\t\t\t\t\t\t\t\t\t\t<\/div>\n\t\t\t\t<\/div>\n\t\t\t\t<div class=\"elementor-element elementor-element-1dd2485 elementor-widget elementor-widget-image\" data-id=\"1dd2485\" data-element_type=\"widget\" data-widget_type=\"image.default\">\n\t\t\t\t<div class=\"elementor-widget-container\">\n\t\t\t\t\t\t\t\t\t\t\t\t\t<img fetchpriority=\"high\" decoding=\"async\" width=\"1024\" height=\"272\" src=\"https:\/\/prbio.fr\/wp-content\/uploads\/2024\/09\/CHAPLAINz-1024x272.png\" class=\"attachment-large size-large wp-image-2100\" alt=\"logo chaplain\" srcset=\"https:\/\/prbio.fr\/wp-content\/uploads\/2024\/09\/CHAPLAINz-1024x272.png 1024w, https:\/\/prbio.fr\/wp-content\/uploads\/2024\/09\/CHAPLAINz-300x80.png 300w, https:\/\/prbio.fr\/wp-content\/uploads\/2024\/09\/CHAPLAINz-768x204.png 768w, https:\/\/prbio.fr\/wp-content\/uploads\/2024\/09\/CHAPLAINz.png 1407w\" sizes=\"(max-width: 1024px) 100vw, 1024px\" \/>\t\t\t\t\t\t\t\t\t\t\t\t\t<\/div>\n\t\t\t\t<\/div>\n\t\t\t\t<div class=\"elementor-element elementor-element-345ee65 elementor-widget elementor-widget-image\" data-id=\"345ee65\" data-element_type=\"widget\" data-widget_type=\"image.default\">\n\t\t\t\t<div class=\"elementor-widget-container\">\n\t\t\t\t\t\t\t\t\t\t\t\t\t<img decoding=\"async\" width=\"300\" height=\"225\" src=\"https:\/\/prbio.fr\/wp-content\/uploads\/2024\/09\/unnamed.png\" class=\"attachment-large size-large wp-image-818\" alt=\"logo ramera\" \/>\t\t\t\t\t\t\t\t\t\t\t\t\t<\/div>\n\t\t\t\t<\/div>\n\t\t\t\t<div class=\"elementor-element elementor-element-cbe8ba4 elementor-widget elementor-widget-image\" data-id=\"cbe8ba4\" data-element_type=\"widget\" data-widget_type=\"image.default\">\n\t\t\t\t<div class=\"elementor-widget-container\">\n\t\t\t\t\t\t\t\t\t\t\t\t\t<img loading=\"lazy\" decoding=\"async\" width=\"1024\" height=\"758\" src=\"https:\/\/prbio.fr\/wp-content\/uploads\/2024\/09\/GR-ENERGIES-fond-perdu-1024x758.png\" class=\"attachment-large size-large wp-image-820\" alt=\"A propos : GR Energy\" srcset=\"https:\/\/prbio.fr\/wp-content\/uploads\/2024\/09\/GR-ENERGIES-fond-perdu-1024x758.png 1024w, https:\/\/prbio.fr\/wp-content\/uploads\/2024\/09\/GR-ENERGIES-fond-perdu-300x222.png 300w, https:\/\/prbio.fr\/wp-content\/uploads\/2024\/09\/GR-ENERGIES-fond-perdu-768x568.png 768w, https:\/\/prbio.fr\/wp-content\/uploads\/2024\/09\/GR-ENERGIES-fond-perdu-1536x1137.png 1536w, https:\/\/prbio.fr\/wp-content\/uploads\/2024\/09\/GR-ENERGIES-fond-perdu-2048x1516.png 2048w\" sizes=\"(max-width: 1024px) 100vw, 1024px\" \/>\t\t\t\t\t\t\t\t\t\t\t\t\t<\/div>\n\t\t\t\t<\/div>\n\t\t\t\t<\/div>\n\t\t\t\t<\/div>\n\t\t\t\t\t<\/div>\n\t\t\t\t<\/div>\n\t\t<div class=\"elementor-element elementor-element-ce42fe9 e-grid e-con-boxed e-con e-parent\" data-id=\"ce42fe9\" data-element_type=\"container\">\n\t\t\t\t\t<div class=\"e-con-inner\">\n\t\t<div class=\"elementor-element elementor-element-abe85d3 e-con-full e-flex e-con e-child\" data-id=\"abe85d3\" data-element_type=\"container\">\n\t\t\t\t<div class=\"elementor-element elementor-element-bfbdd29 elementor-widget elementor-widget-heading\" data-id=\"bfbdd29\" data-element_type=\"widget\" data-widget_type=\"heading.default\">\n\t\t\t\t<div class=\"elementor-widget-container\">\n\t\t\t<h2 class=\"elementor-heading-title elementor-size-default\">MAIS AUSSI <\/h2>\t\t<\/div>\n\t\t\t\t<\/div>\n\t\t\t\t<div class=\"elementor-element elementor-element-fa38765 elementor-widget elementor-widget-heading\" data-id=\"fa38765\" data-element_type=\"widget\" data-widget_type=\"heading.default\">\n\t\t\t\t<div class=\"elementor-widget-container\">\n\t\t\t<h2 class=\"elementor-heading-title elementor-size-default\">Notre <br> certification Qualim\u00e9tha <\/h2>\t\t<\/div>\n\t\t\t\t<\/div>\n\t\t\t\t<\/div>\n\t\t<div class=\"elementor-element elementor-element-2e88f51 e-con-full e-flex e-con e-child\" data-id=\"2e88f51\" data-element_type=\"container\">\n\t\t\t\t<div class=\"elementor-element elementor-element-8128263 elementor-widget elementor-widget-text-editor\" data-id=\"8128263\" data-element_type=\"widget\" data-widget_type=\"text-editor.default\">\n\t\t\t\t<div class=\"elementor-widget-container\">\n\t\t\t\t\t\t\t<p>Nous avons \u00e0 coeur de vous accompagner au quotidien en vous offrant des services efficaces et de qualit\u00e9. La satisfaction client et l&rsquo;am\u00e9lioration continue sont des notions importantes dans notre philosophie d&rsquo;\u00e9volution. preuve de cet engagement, notre certification QUALIMETHA !<\/p>\t\t\t\t\t\t<\/div>\n\t\t\t\t<\/div>\n\t\t\t\t<div class=\"elementor-element elementor-element-cfc6062 elementor-widget elementor-widget-image\" data-id=\"cfc6062\" data-element_type=\"widget\" data-widget_type=\"image.default\">\n\t\t\t\t<div class=\"elementor-widget-container\">\n\t\t\t\t\t\t\t\t\t\t\t\t\t<img loading=\"lazy\" decoding=\"async\" width=\"945\" height=\"280\" src=\"https:\/\/prbio.fr\/wp-content\/uploads\/2024\/09\/qualimetha3_4.png\" class=\"attachment-large size-large wp-image-2035\" alt=\"A propos : logo qualimetha\" srcset=\"https:\/\/prbio.fr\/wp-content\/uploads\/2024\/09\/qualimetha3_4.png 945w, https:\/\/prbio.fr\/wp-content\/uploads\/2024\/09\/qualimetha3_4-300x89.png 300w, https:\/\/prbio.fr\/wp-content\/uploads\/2024\/09\/qualimetha3_4-768x228.png 768w\" sizes=\"(max-width: 945px) 100vw, 945px\" \/>\t\t\t\t\t\t\t\t\t\t\t\t\t<\/div>\n\t\t\t\t<\/div>\n\t\t\t\t<\/div>\n\t\t\t\t\t<\/div>\n\t\t\t\t<\/div>\n\t\t\t\t<\/div>\n\t\t","protected":false},"excerpt":{"rendered":"<p>A PROPOS DE PRBIO Cr\u00e9ateur de solutions de biogaz PRBIO a \u00e9t\u00e9 fond\u00e9e en 2019 par un consortium d&rsquo;entreprise d\u00e9sireux d&rsquo;assembler leurs comp\u00e9tences vers un but commun. Cette association est une force pour PRBIO car elle garantit une expertise et une r\u00e9activit\u00e9 dans les diff\u00e9rents domaines composant notre coeur de m\u00e9tier.\u00a0Par la suite nos avons [&hellip;]<\/p>\n","protected":false},"author":1,"featured_media":0,"parent":0,"menu_order":0,"comment_status":"closed","ping_status":"closed","template":"elementor_header_footer","meta":{"ocean_post_layout":"","ocean_both_sidebars_style":"","ocean_both_sidebars_content_width":0,"ocean_both_sidebars_sidebars_width":0,"ocean_sidebar":"","ocean_second_sidebar":"","ocean_disable_margins":"enable","ocean_add_body_class":"","ocean_shortcode_before_top_bar":"","ocean_shortcode_after_top_bar":"","ocean_shortcode_before_header":"","ocean_shortcode_after_header":"","ocean_has_shortcode":"","ocean_shortcode_after_title":"","ocean_shortcode_before_footer_widgets":"","ocean_shortcode_after_footer_widgets":"","ocean_shortcode_before_footer_bottom":"","ocean_shortcode_after_footer_bottom":"","ocean_display_top_bar":"default","ocean_display_header":"default","ocean_header_style":"","ocean_center_header_left_menu":"","ocean_custom_header_template":"","ocean_custom_logo":0,"ocean_custom_retina_logo":0,"ocean_custom_logo_max_width":0,"ocean_custom_logo_tablet_max_width":0,"ocean_custom_logo_mobile_max_width":0,"ocean_custom_logo_max_height":0,"ocean_custom_logo_tablet_max_height":0,"ocean_custom_logo_mobile_max_height":0,"ocean_header_custom_menu":"","ocean_menu_typo_font_family":"","ocean_menu_typo_font_subset":"","ocean_menu_typo_font_size":0,"ocean_menu_typo_font_size_tablet":0,"ocean_menu_typo_font_size_mobile":0,"ocean_menu_typo_font_size_unit":"px","ocean_menu_typo_font_weight":"","ocean_menu_typo_font_weight_tablet":"","ocean_menu_typo_font_weight_mobile":"","ocean_menu_typo_transform":"","ocean_menu_typo_transform_tablet":"","ocean_menu_typo_transform_mobile":"","ocean_menu_typo_line_height":0,"ocean_menu_typo_line_height_tablet":0,"ocean_menu_typo_line_height_mobile":0,"ocean_menu_typo_line_height_unit":"","ocean_menu_typo_spacing":0,"ocean_menu_typo_spacing_tablet":0,"ocean_menu_typo_spacing_mobile":0,"ocean_menu_typo_spacing_unit":"","ocean_menu_link_color":"","ocean_menu_link_color_hover":"","ocean_menu_link_color_active":"","ocean_menu_link_background":"","ocean_menu_link_hover_background":"","ocean_menu_link_active_background":"","ocean_menu_social_links_bg":"","ocean_menu_social_hover_links_bg":"","ocean_menu_social_links_color":"","ocean_menu_social_hover_links_color":"","ocean_disable_title":"default","ocean_disable_heading":"default","ocean_post_title":"","ocean_post_subheading":"","ocean_post_title_style":"","ocean_post_title_background_color":"","ocean_post_title_background":0,"ocean_post_title_bg_image_position":"","ocean_post_title_bg_image_attachment":"","ocean_post_title_bg_image_repeat":"","ocean_post_title_bg_image_size":"","ocean_post_title_height":0,"ocean_post_title_bg_overlay":0.5,"ocean_post_title_bg_overlay_color":"","ocean_disable_breadcrumbs":"default","ocean_breadcrumbs_color":"","ocean_breadcrumbs_separator_color":"","ocean_breadcrumbs_links_color":"","ocean_breadcrumbs_links_hover_color":"","ocean_display_footer_widgets":"default","ocean_display_footer_bottom":"default","ocean_custom_footer_template":"","_themeisle_gutenberg_block_has_review":false,"footnotes":""},"class_list":["post-412","page","type-page","status-publish","hentry","entry"],"yoast_head":"<!-- This site is optimized with the Yoast SEO plugin v23.9 - https:\/\/yoast.com\/wordpress\/plugins\/seo\/ -->\n<title>A propos de PRBIO<\/title>\n<meta name=\"description\" content=\"Concernant PRBIO, l&#039;entreprise a \u00e9t\u00e9 fond\u00e9e en 2019 par un consortium d\u2019entreprise d\u00e9sireux d\u2019assembler leurs comp\u00e9tences vers un but commun.\" \/>\n<meta name=\"robots\" content=\"index, follow, max-snippet:-1, max-image-preview:large, max-video-preview:-1\" \/>\n<link rel=\"canonical\" href=\"https:\/\/prbio.fr\/index.php\/a-propos-de-prbio\/\" \/>\n<meta property=\"og:locale\" content=\"fr_FR\" \/>\n<meta property=\"og:type\" content=\"article\" \/>\n<meta property=\"og:title\" content=\"A propos de PRBIO\" \/>\n<meta property=\"og:description\" content=\"Concernant PRBIO, l&#039;entreprise a \u00e9t\u00e9 fond\u00e9e en 2019 par un consortium d\u2019entreprise d\u00e9sireux d\u2019assembler leurs comp\u00e9tences vers un but commun.\" \/>\n<meta property=\"og:url\" content=\"https:\/\/prbio.fr\/index.php\/a-propos-de-prbio\/\" \/>\n<meta property=\"og:site_name\" content=\"PR BIO\" \/>\n<meta property=\"article:modified_time\" content=\"2024-09-27T13:50:35+00:00\" \/>\n<meta property=\"og:image\" content=\"http:\/\/prbio.fr\/wp-content\/uploads\/2024\/09\/CH4-1-300PX-1.png\" \/>\n<meta name=\"twitter:card\" content=\"summary_large_image\" \/>\n<meta name=\"twitter:label1\" content=\"Dur\u00e9e de lecture estim\u00e9e\" \/>\n\t<meta name=\"twitter:data1\" content=\"2 minutes\" \/>\n<script type=\"application\/ld+json\" class=\"yoast-schema-graph\">{\"@context\":\"https:\/\/schema.org\",\"@graph\":[{\"@type\":\"WebPage\",\"@id\":\"https:\/\/prbio.fr\/index.php\/a-propos-de-prbio\/\",\"url\":\"https:\/\/prbio.fr\/index.php\/a-propos-de-prbio\/\",\"name\":\"A propos de PRBIO\",\"isPartOf\":{\"@id\":\"https:\/\/prbio.fr\/#website\"},\"primaryImageOfPage\":{\"@id\":\"https:\/\/prbio.fr\/index.php\/a-propos-de-prbio\/#primaryimage\"},\"image\":{\"@id\":\"https:\/\/prbio.fr\/index.php\/a-propos-de-prbio\/#primaryimage\"},\"thumbnailUrl\":\"http:\/\/prbio.fr\/wp-content\/uploads\/2024\/09\/CH4-1-300PX-1.png\",\"datePublished\":\"2024-09-08T21:36:17+00:00\",\"dateModified\":\"2024-09-27T13:50:35+00:00\",\"description\":\"Concernant PRBIO, l'entreprise a \u00e9t\u00e9 fond\u00e9e en 2019 par un consortium d\u2019entreprise d\u00e9sireux d\u2019assembler leurs comp\u00e9tences vers un but commun.\",\"breadcrumb\":{\"@id\":\"https:\/\/prbio.fr\/index.php\/a-propos-de-prbio\/#breadcrumb\"},\"inLanguage\":\"fr-FR\",\"potentialAction\":[{\"@type\":\"ReadAction\",\"target\":[\"https:\/\/prbio.fr\/index.php\/a-propos-de-prbio\/\"]}]},{\"@type\":\"ImageObject\",\"inLanguage\":\"fr-FR\",\"@id\":\"https:\/\/prbio.fr\/index.php\/a-propos-de-prbio\/#primaryimage\",\"url\":\"http:\/\/prbio.fr\/wp-content\/uploads\/2024\/09\/CH4-1-300PX-1.png\",\"contentUrl\":\"http:\/\/prbio.fr\/wp-content\/uploads\/2024\/09\/CH4-1-300PX-1.png\"},{\"@type\":\"BreadcrumbList\",\"@id\":\"https:\/\/prbio.fr\/index.php\/a-propos-de-prbio\/#breadcrumb\",\"itemListElement\":[{\"@type\":\"ListItem\",\"position\":1,\"name\":\"Accueil\",\"item\":\"https:\/\/prbio.fr\/\"},{\"@type\":\"ListItem\",\"position\":2,\"name\":\"A propos de PRBIO\"}]},{\"@type\":\"WebSite\",\"@id\":\"https:\/\/prbio.fr\/#website\",\"url\":\"https:\/\/prbio.fr\/\",\"name\":\"PR BIO\",\"description\":\"\",\"publisher\":{\"@id\":\"https:\/\/prbio.fr\/#organization\"},\"potentialAction\":[{\"@type\":\"SearchAction\",\"target\":{\"@type\":\"EntryPoint\",\"urlTemplate\":\"https:\/\/prbio.fr\/?s={search_term_string}\"},\"query-input\":{\"@type\":\"PropertyValueSpecification\",\"valueRequired\":true,\"valueName\":\"search_term_string\"}}],\"inLanguage\":\"fr-FR\"},{\"@type\":\"Organization\",\"@id\":\"https:\/\/prbio.fr\/#organization\",\"name\":\"PR BIO\",\"url\":\"https:\/\/prbio.fr\/\",\"logo\":{\"@type\":\"ImageObject\",\"inLanguage\":\"fr-FR\",\"@id\":\"https:\/\/prbio.fr\/#\/schema\/logo\/image\/\",\"url\":\"https:\/\/prbio.fr\/wp-content\/uploads\/2024\/09\/cropped-PRBio_Logo_Transparent-1-1.png\",\"contentUrl\":\"https:\/\/prbio.fr\/wp-content\/uploads\/2024\/09\/cropped-PRBio_Logo_Transparent-1-1.png\",\"width\":204,\"height\":71,\"caption\":\"PR BIO\"},\"image\":{\"@id\":\"https:\/\/prbio.fr\/#\/schema\/logo\/image\/\"}}]}<\/script>\n<!-- \/ Yoast SEO plugin. -->","yoast_head_json":{"title":"A propos de PRBIO","description":"Concernant PRBIO, l'entreprise a \u00e9t\u00e9 fond\u00e9e en 2019 par un consortium d\u2019entreprise d\u00e9sireux d\u2019assembler leurs comp\u00e9tences vers un but commun.","robots":{"index":"index","follow":"follow","max-snippet":"max-snippet:-1","max-image-preview":"max-image-preview:large","max-video-preview":"max-video-preview:-1"},"canonical":"https:\/\/prbio.fr\/index.php\/a-propos-de-prbio\/","og_locale":"fr_FR","og_type":"article","og_title":"A propos de PRBIO","og_description":"Concernant PRBIO, l'entreprise a \u00e9t\u00e9 fond\u00e9e en 2019 par un consortium d\u2019entreprise d\u00e9sireux d\u2019assembler leurs comp\u00e9tences vers un but commun.","og_url":"https:\/\/prbio.fr\/index.php\/a-propos-de-prbio\/","og_site_name":"PR BIO","article_modified_time":"2024-09-27T13:50:35+00:00","og_image":[{"url":"http:\/\/prbio.fr\/wp-content\/uploads\/2024\/09\/CH4-1-300PX-1.png"}],"twitter_card":"summary_large_image","twitter_misc":{"Dur\u00e9e de lecture estim\u00e9e":"2 minutes"},"schema":{"@context":"https:\/\/schema.org","@graph":[{"@type":"WebPage","@id":"https:\/\/prbio.fr\/index.php\/a-propos-de-prbio\/","url":"https:\/\/prbio.fr\/index.php\/a-propos-de-prbio\/","name":"A propos de PRBIO","isPartOf":{"@id":"https:\/\/prbio.fr\/#website"},"primaryImageOfPage":{"@id":"https:\/\/prbio.fr\/index.php\/a-propos-de-prbio\/#primaryimage"},"image":{"@id":"https:\/\/prbio.fr\/index.php\/a-propos-de-prbio\/#primaryimage"},"thumbnailUrl":"http:\/\/prbio.fr\/wp-content\/uploads\/2024\/09\/CH4-1-300PX-1.png","datePublished":"2024-09-08T21:36:17+00:00","dateModified":"2024-09-27T13:50:35+00:00","description":"Concernant PRBIO, l'entreprise a \u00e9t\u00e9 fond\u00e9e en 2019 par un consortium d\u2019entreprise d\u00e9sireux d\u2019assembler leurs comp\u00e9tences vers un but commun.","breadcrumb":{"@id":"https:\/\/prbio.fr\/index.php\/a-propos-de-prbio\/#breadcrumb"},"inLanguage":"fr-FR","potentialAction":[{"@type":"ReadAction","target":["https:\/\/prbio.fr\/index.php\/a-propos-de-prbio\/"]}]},{"@type":"ImageObject","inLanguage":"fr-FR","@id":"https:\/\/prbio.fr\/index.php\/a-propos-de-prbio\/#primaryimage","url":"http:\/\/prbio.fr\/wp-content\/uploads\/2024\/09\/CH4-1-300PX-1.png","contentUrl":"http:\/\/prbio.fr\/wp-content\/uploads\/2024\/09\/CH4-1-300PX-1.png"},{"@type":"BreadcrumbList","@id":"https:\/\/prbio.fr\/index.php\/a-propos-de-prbio\/#breadcrumb","itemListElement":[{"@type":"ListItem","position":1,"name":"Accueil","item":"https:\/\/prbio.fr\/"},{"@type":"ListItem","position":2,"name":"A propos de PRBIO"}]},{"@type":"WebSite","@id":"https:\/\/prbio.fr\/#website","url":"https:\/\/prbio.fr\/","name":"PR BIO","description":"","publisher":{"@id":"https:\/\/prbio.fr\/#organization"},"potentialAction":[{"@type":"SearchAction","target":{"@type":"EntryPoint","urlTemplate":"https:\/\/prbio.fr\/?s={search_term_string}"},"query-input":{"@type":"PropertyValueSpecification","valueRequired":true,"valueName":"search_term_string"}}],"inLanguage":"fr-FR"},{"@type":"Organization","@id":"https:\/\/prbio.fr\/#organization","name":"PR BIO","url":"https:\/\/prbio.fr\/","logo":{"@type":"ImageObject","inLanguage":"fr-FR","@id":"https:\/\/prbio.fr\/#\/schema\/logo\/image\/","url":"https:\/\/prbio.fr\/wp-content\/uploads\/2024\/09\/cropped-PRBio_Logo_Transparent-1-1.png","contentUrl":"https:\/\/prbio.fr\/wp-content\/uploads\/2024\/09\/cropped-PRBio_Logo_Transparent-1-1.png","width":204,"height":71,"caption":"PR BIO"},"image":{"@id":"https:\/\/prbio.fr\/#\/schema\/logo\/image\/"}}]}},"_links":{"self":[{"href":"https:\/\/prbio.fr\/index.php\/wp-json\/wp\/v2\/pages\/412","targetHints":{"allow":["GET"]}}],"collection":[{"href":"https:\/\/prbio.fr\/index.php\/wp-json\/wp\/v2\/pages"}],"about":[{"href":"https:\/\/prbio.fr\/index.php\/wp-json\/wp\/v2\/types\/page"}],"author":[{"embeddable":true,"href":"https:\/\/prbio.fr\/index.php\/wp-json\/wp\/v2\/users\/1"}],"replies":[{"embeddable":true,"href":"https:\/\/prbio.fr\/index.php\/wp-json\/wp\/v2\/comments?post=412"}],"version-history":[{"count":132,"href":"https:\/\/prbio.fr\/index.php\/wp-json\/wp\/v2\/pages\/412\/revisions"}],"predecessor-version":[{"id":2642,"href":"https:\/\/prbio.fr\/index.php\/wp-json\/wp\/v2\/pages\/412\/revisions\/2642"}],"wp:attachment":[{"href":"https:\/\/prbio.fr\/index.php\/wp-json\/wp\/v2\/media?parent=412"}],"curies":[{"name":"wp","href":"https:\/\/api.w.org\/{rel}","templated":true}]}}